*2 - 6*b - 24. Let c be f(9). Let i(p) be the second derivative of -1/12*p**4 + p**2 + 1/2*p**c + 0 + 6*p. What is i(4)?
-2
Let k(s) = s**2 + 2*s - 11. Let t(x) = -x. Let c(q) = k(q) - 4*t(q). Let i be (0 - 26*-1) + -3. Suppose 3*g + 1 = -i. What is c(g)?
5
Let d(j) be the first derivative of j**2/2 + 7*j + 72. Give d(5).
12
Let y(o) be the third derivative of -o**6/120 + o**5/10 - o**4/4 - o**3/3 - 18*o**2 + 2*o. Let i = 11 + -6. What is y(i)?
-7
Let s be 14/(98/(-35)) + 9. Let l(d) = -2*d**2 + 9*d - 9. Give l(s).
-5
Let w(r) = r**3 - 3*r**2 - 7*r - 1. Let g be w(5). Let o = 14 - g. Let q(v) = -v - 6. Determine q(o).
-6
Let p(u) = 22*u - 88. Let a be p(4). Let o(s) = s - 15. Calculate o(a).
-15
Let h(y) = y - 3. Suppose -7*v = -3*v - 36. Let l = -12 + v. What is h(l)?
-6
Let s(q) be the second derivative of -q**3/3 + 21*q**2/2 - 29*q. Let p be s(10). Let o(x) = 22*x - 1. What is o(p)?
21
Let w(u) = -u**2 - 5*u + 7. Suppose -q = -2*z + 4*z + 11, 0 = -2*z - 2*q - 8. Determine w(z).
-7
Let x(q) = -q**2 + 10*q - 12. Let d(h) = 10*h - 35. Let c be d(10). Suppose z + c = 6*z + 5*p, z + 5*p = 33. Calculate x(z).
4
Let t(n) = n**3 + 13*n**2 + 10*n - 21. Let p be t(-12). Let i(z) = 6 + 4*z - p + 4 - 5*z. Give i(0).
7
Suppose -3 = 3*n - 4*n. Let z(x) = -2*x**3 + x**2 - 2*x - 2. Let s be z(-1). Let q(m) = -32*m + s + 4*m**2 + m**n + 27*m + 4. Calculate q(-5).
7
Let c(k) = k**3 - 5*k**2 + 3*k + 7. Suppose 40 = -21*l + 31*l. Give c(l).
3
Let l(i) = -i**2 + i - 3. Let t(u) be the second derivative of -u**3/6 + u**2 - 6*u. Let v be t(0). Suppose 3*x = v*x. Calculate l(x).
-3
Let q be 24/11 - 4/22. Let w(h) = -2*h**q - 5 + 2 + 10*h**2 - h - 9*h**2 + h**3. Determine w(0).
-3
Let a(g) be the first derivative of g**6/360 + 11*g**5/120 + 5*g**4/12 - 17*g**3/3 + 11. Let k(t) be the third derivative of a(t). Calculate k(-8).
-14
Let f(k) = -k**3 + 4*k**2 + 3*k + 3. Let n(l) = 11*l**2 - 2*l + 2. Suppose -4*p = 5*o - 27 + 3, -o = p - 5. Let z be n(p). Let d = z - 6. Determine f(d).
-7
Suppose k - 6*k - 5*j = -775, k + 2*j = 157. Let v(r) = r + 148*r**3 + r**2 - 300*r**3 + k*r**3 - 3. Let m(u) = -u. Let o be m(0). Give v(o).
-3
Let h be ((-185)/74)/(1 + 2/(-4)). Let d(m) = -m**2 - 6*m - 6. Give d(h).
-1
Let f(x) be the third derivative of -x**3 + 0*x - 1/24*x**4 + 0 - 5*x**2. Determine f(-6).
0
Let f(x) = -x**3 - 5*x**2 + 3. Let o be 5*((-1)/(-5))/((-4)/16). Determine f(o).
-13
Suppose -v - 5*p = -3*v + 19, -4*p - 2 = 5*v. Suppose -2*y - 1 = 3*k - 3, 1 = 4*k + y. Let j(t) = 4 + k + 0*t - v*t - 2. Determine j(3).
-4
Let z be (-27)/(-15) + (-3)/(-15). Suppose 316 = -0*m + 4*m. Let t(g) = -79*g + m*g + z - g**2. Determine t(0).
2
Let r be ((-20)/(-1))/(-3 + -1 - -3). Let o be r*(-1)/2 - 1. Let l(p) = p**2 - 9*p. Determine l(o).
0
Let c(x) = -26 - 7*x + 19 + 516*x**2 - 515*x**2. Determine c(8).
1
Let m(x) = x**3 - 6*x**2 - 5*x + 4. Let y be (3 - (8 + -11))*1. What is m(y)?
-26
Let b(w) = w**3 - 3*w**2 + w + 1. Suppose 8*d - 27 = -3. Give b(d).
4
Let m(x) be the third derivative of x**6/120 + x**5/15 - x**4/4 - 7*x**3/6 - 54*x**2 - x. Determine m(-5).
-2
Suppose -2*q - 3*q = 135. Let g = -12 - q. Let u = -10 + g. Let s(t) = 2*t - 4. Give s(u).
6
Let n(v) = -3*v - 10. Let y(l) = l**3 - 5*l**2 + 8*l. Let q be y(3). Calculate n(q).
-28
Let d(u) = 3*u + 3. Let n(o) be the second derivative of o**3/3 + o**2/2 + 15*o. Let w be n(-2). Determine d(w).
-6
Let a(u) = -5*u**3 + 13*u**2 - 21*u + 24. Let n(p) = 7*p**3 - 12*p**2 + 23*p - 23. Let z(w) = 4*a(w) + 3*n(w). What is z(-17)?
-7
Let s = -23 - -39. Let n(t) = -2*t + s - t**2 - 17 + 10*t**2. Let j be 4 + (-4 - 1) - 0. What is n(j)?
10
Let r = -48 - -52. Suppose -q - r = -12. Let n(v) = v - 11. Calculate n(q).
-3
Let r(o) be the second derivative of -o**6/180 - 17*o**3/6 - 21*o. Let h(x) be the second derivative of r(x). Determine h(-1).
-2
Let a(m) = 3*m**2 - 6*m - 46. Let g(t) = -2*t**2 + 3*t + 21. Let z(p) = 6*a(p) + 13*g(p). Determine z(2).
-29
Let a(y) be the first derivative of 1 - y + 1/3*y**3 + 0*y**2 + 1/4*y**4. Let o be (-1920)/(-192) + (-33)/3. Give a(o).
-1
Suppose 0 = 50*u - 53*u + 9. Suppose -3*r - 6 = u*k, 0 = 2*r + 2*r - 4*k + 40. Let b(n) = n**2 + 8*n + 7. Give b(r).
-5
Let r(v) = 3*v**3 - 30*v**2 + 18*v - 37. Let j(h) = -2*h**3 + 30*h**2 - 21*h + 36. Let c(m) = -4*j(m) - 3*r(m). Determine c(-31).
-2
Let y(o) = -6*o**2 + 10. Let j(r) = -7*r**2 + 12. Let p(k) = 5*j(k) - 6*y(k). Determine p(-2).
4
Let t(k) be the second derivative of k**5/60 - k**4/3 + 5*k**3/3 + 13*k**2/2 + 4*k. Let v(p) be the first derivative of t(p). Calculate v(7).
3
Let u = 7 + -4. Let i(r) = 9*r - 13. Let h(s) = -5*s + 19*s - 4 - 2 - 10*s. Let z(l) = -7*h(l) + 3*i(l). Calculate z(u).
0
Let d(x) = x**3 - 5*x**2 + x. Suppose 5*v - 113 = -2*q, 0*v - 4*q = 2*v - 58. Suppose -19*i + v*i = 10. What is d(i)?
5
Suppose -73*h = -71*h - 14. Let l(o) = -2*o**2 + 8*o + 3. Calculate l(h).
-39
Let o = 1 + 1. Let p = -2 + o. Let m(a) be the first derivative of a**2/2 - 9*a - 11. Give m(p).
-9
Let w = -39 - -33. Let g(j) = j. Let v(p) = 1. Let r(q) = w*v(q) + g(q). Calculate r(4).
-2
Suppose 3*w = 4*o + 15, 5*o + 10 = 2*o + w. Let y(h) = h**2 + 11*h + 2. Let z(b) = -b**2 - 12*b - 3. Let j(c) = o*z(c) - 4*y(c). Calculate j(-7).
8
Let l(s) = -4*s**2 + 5*s - 6. Let m be l(-3). Let w = m + 59. Let r(x) = x**2 - 2*x + 2. Calculate r(w).
2
Let v(h) = -328*h**2 - 2 + 0*h + 5*h + 326*h**2 + 6. Let q = 9 - 5. Determine v(q).
-8
Let x(i) = -8*i - 4*i + 11*i + 0*i + 3. Determine x(-1).
4
Let n(k) = 8*k**2 + 4*k**3 - 12*k - 6*k**2 + 9*k + 2*k**2 + 3 - 3*k**3. Let p(z) = z**3 + z**2 - 3*z + 4. Let o be p(-3). Calculate n(o).
-7
Let j(y) = -y**2 - 5*y + 7. Let g = -96 - -75. Let s be ((-24)/9)/(1/(-6)). Let b = g + s. What is j(b)?
7
Let l(k) = 2*k**2 + 1. Let x = -1077 - -1076. Determine l(x).
3
Suppose 4*r = -74 - 14. Let y be (r/10 - (-1)/5)/2. Let x(s) = -3*s**2 - s. Determine x(y).
-2
Let w(h) = -h**2 - 3*h - 2 + 0 + 8*h. Let q = -44 - -46. Suppose q*m = -0*m + 4. Give w(m).
4
Let u(f) = -f**3 + 13*f**2 - 12*f. Let r be u(12). Suppose r*z - 4*z = 5*k - 7, -k + 3*z - 10 = 0. Let c(h) = 2*h**2 + 2*h + 1. What is c(k)?
1
Suppose 0 = -t + 3*q + 6, 0 = -3*t + 2*q - q - 6. Let l(h) be the first derivative of 3/2*h**2 - 3*h - 44. Calculate l(t).
-12
Suppose -21 + 11 = -5*c. Let z(t) = 3 - 7 + 78*t**2 - 70*t**c + 3. Let o be 6/10 - (-4)/10. Determine z(o).
7
Let k(w) = 8*w + 61. Let c(u) = 2*u + 1. Let z(p) = -6*c(p) + k(p). Determine z(12).
7
Let h(s) be the first derivative of -s**4/4 - 5*s**3/3 - s**2 - 6*s + 871. Let i be -2 - (-1 - 0)*-3. What is h(i)?
4
Let f(q) = q**3 - 4*q**2 + 3*q - 6. Suppose -2*h + 5 + 3 = 0. Suppose d + 0 - h = 0. Give f(d).
6
Let r(o) = -76*o**2 + 2*o + 3 + 41*o**2 + o - 5*o + 39*o**2. Give r(2).
15
Let w = -39 - -55. Let l = 22 - w. Let b(m) = m. Let z(v) = v. Let o(u) = -5*b(u) + 6*z(u). Calculate o(l).
6
Suppose -z - 2*p = 7, 17*z + 5*p + 25 = 12*z. Let r(f) = 3*f**2 - 3*f**2 + 2 + f**2. What is r(z)?
11
Let l be 5 + 12 + (-4)/4. Let u(i) = 2*i + 6 - 11*i + 17*i**2 - l*i**2. Calculate u(5).
-14
Let r(g) = -5*g**2 + 3*g. Suppose -3*v + 5*y + 15 = 0, 0 = 4*v + 3*y - 16 - 4. Suppose -v*n + 4*q - 4 = -14, -3*q = n - 2. What is r(n)?
-14
Let o(k) = -k**2 + 12*k - 12. Let q be o(1). Let r(h) = h**2 + h + 1. Calculate r(q).
1
Let n(d) = -6*d**2 - 2*d + 4. Let s(u) = -3*u**2 - u + 2. Let t(q) = 3*n(q) - 5*s(q). Give t(-2).
-8
Let i(z) = -z**3 + 5*z**2 + 8*z. Let d(v) be the first derivative of -v**3/3 - 6*v**2 + 6*v - 2. Let b be d(-12). What is i(b)?
12
Let p(v) = -v**3 - 4*v**2 + 3*v - 6. Let m = 36 + -32. Suppose -2*k + 3*a = 22, 4*k - 4*a + 8*a = -m. Give p(k).
4
Let r(q) = -13*q + 3. Let u(f) = 5*f - 1. Let l(p) = -4*r(p) - 9*u(p). Calculate l(2).
11
Let x(c) = 3*c + 1. Suppose -24*b - 23 = -26*b - 3*s, -11 = b - 3*s. Give x(b).
13
Let w(o) = -13*o**3 + o**2 - 4*o + 3. Let q be (-1)/2*(27 + -29). What is w(q)?
-13
Let t(j) = j**3 + 7*j**2 - 4*j + 3. Let s be (-58)/8 + (-59)/(-236). What is t(s)?
31
Let y be ((-1)/3)/((-4 - -13)/(-135)). Let s(p) = -p**2 + 6*p - 7. Determine s(y).
-2
Let b(s) = -s**3 - 5*s**2 - 4*s - 6. Let c = -79 + 75. Determine b(c).
-6
Let w(u) = 20*u**2 + 7*u - 11. Let s(o) = -7*o**2 - 2*o + 4. Let a(i) = -17*s(i) - 6*